uppose -2*b - 2*b + 24 = 0. Let m(i) = i**2 + 10 - b*i - i - 4 + 1. What is m(5)?
-3
Suppose 2 = -d + 6. Suppose r - d*r = -15. Suppose -r*l + 6 = -3*l. Let n(g) = g**2 - 3*g + 2. Determine n(l).
2
Let j(m) be the second derivative of m**5/20 + m**4/6 - m**3/6 + 2*m**2 - 3*m. What is j(-3)?
-2
Let z(r) = -r**3 + r**2 + 3*r - 3. Let h = -19 - -21. Determine z(h).
-1
Let j(o) = -o + 1. Let p be j(-4). Suppose -2*l - 12 = -4*w, -p*w - 4*l + 43 = 2. Let x(h) = -h + 3. Give x(w).
-2
Let p be -2 + 1 - (0 - -2). Suppose -5*t = -2*t. Let m(w) = 1 - 3*w + 0 - w**2 + t. Calculate m(p).
1
Let z(m) = -m**3 - 4*m**2 + 2*m - 4. Let i be z(-4). Let c be 5/2*i/(-5). Let y(g) = g**3 - 7*g**2 + 7*g - 3. Determine y(c).
3
Let h(v) = v**2 - v**2 + 0*v**2 + 10*v**3. Determine h(-1).
-10
Let f(d) = -d**3 - 8*d**2 - 8*d - 17. Let k be f(-7). Let p = -8 - k. Let o(q) = q**3 + 3*q**2 - q - 2. Determine o(p).
16
Let w be (2/2)/((-1)/35). Let v be (-165)/w - 4/(-14). Let x(n) be the third derivative of n**5/60 - n**4/4 - 2*n**3/3 - 21*n**2. Determine x(v).
-9
Let c(j) = 4*j**3 - 6*j**2 - 4*j + 13. Let n(f) = 3*f**3 - 5*f**2 - 3*f + 13. Let o(m) = -4*c(m) + 5*n(m). What is o(0)?
13
Suppose 3*l + 4*j = 2, -l - 2*j = 3*l - 6. Let u(t) = 5*t - t**2 - 2 - l*t + 3*t. Let f = 4 - 0. What is u(f)?
6
Let y(i) = i**3 - 3. Suppose 0 = 12*b + 4*b. What is y(b)?
-3
Let i(u) be the first derivative of -u**2/2 + 6*u - 78. Suppose 5*s = 2*o - 14, -3*s - 20 = -s + 4*o. Let b = s - -10. Give i(b).
0
Suppose -4*v = -6*v - 5*a - 15, 3*a = -3*v - 9. Let c(u) be the second derivative of u**4/12 + u**3/6 + u. Determine c(v).
0
Let u(n) = -n**2 + 5*n - 2. Let f(z) = -2*z**3 - z**2 + 1. Let a be f(-1). Give u(a).
4
Suppose 3*k = -19 + 1. Let b(m) = 6*m**2 + 12*m. Let v(c) = 5*c**2 + 11*c + 1. Let j(q) = -4*b(q) + 5*v(q). What is j(k)?
-1
Let u(w) = w**2 + 2*w - 1. Suppose g - 12 = 4*g. Determine u(g).
7
Let m(o) = -13 - 2 + 8 + 4*o. Let c(j) = -1. Let v(g) = 6*c(g) - m(g). Calculate v(1).
-3
Let n(d) = 5*d**2 - 14*d + 8. Let t(v) = -3*v**2 + 7*v - 4. Let j(a) = 4*n(a) + 7*t(a). Calculate j(-8).
-4
Suppose 5*u + 0 = 5*p - 5, 2*p = u + 4. Let q(n) = p*n + n + n**2 + 6 + n. Determine q(-5).
6
Let u(x) = x**2 - 11*x + 11. Let d(p) = -4*p + 4. Let z(n) = 8*d(n) - 3*u(n). Suppose -3 + 5 = 2*c. What is z(c)?
-3
Suppose -3*w = -5*w - 14. Let a(r) = -r**2 - 6*r. Calculate a(w).
-7
Let a(y) = 7*y**2 + 6*y + 5. Let z(v) = -8*v**2 - 6*v - 5. Let d(h) = 7*a(h) + 6*z(h). Give d(-4).
-3
Let u = -9/2 - -5. Let b(v) be the first derivative of -4*v - 2 + u*v**2. What is b(3)?
-1
Suppose -3*u = 2*m - 12, -m = 6*u - 2*u - 16. Suppose 5*y - 19 = 3*f, -5*f + 5 = 4*y - u*f. Suppose 0 = 2*x - 2 - y. Let v(j) = j**3 + j - 1. Calculate v(x).
9
Let w(v) = 3*v + 0*v - 3*v + 4*v - 2. Calculate w(2).
6
Let w(m) = 3*m**2 - 4*m + 3. Let o = 1 - -1. Calculate w(o).
7
Let p(k) be the second derivative of 5*k**2 + k + 0 - 1/6*k**3. Let g be p(10). Let q(j) = j**3 - j**2 - j - 3. Calculate q(g).
-3
Let x(p) = p**3 + p**2 + p + 3. Let k(u) = 2*u**3. Let a be k(1). Suppose 5*h = -2*o - 10, -o = -5*h + a*o + 15. Determine x(h).
3
Let i(h) = h - 2. Let s(q) be the third derivative of q**5/60 - 7*q**4/24 + 2*q**2. Let r be s(7). Determine i(r).
-2
Let n(k) = -3*k**2 + k + 2. Let l be (5 - (-1 - -8))*1. Determine n(l).
-12
Suppose 5 + 5 = 5*f. Let w = f + 0. Let d(b) be the first derivative of 3*b**2/2 - 2*b + 1. Determine d(w).
4
Let i(v) = v - 10. Let x be (-28)/6*21/(-14). Let a be i(x). Let r(o) = -o**3 - 3*o**2 - 3*o - 3. Give r(a).
6
Let n(m) be the first derivative of -1/2*m**2 + 6 + 0*m + 1/4*m**4 + 5/3*m**3. Calculate n(-5).
5
Let h(j) be the first derivative of j**4/8 - j**3/3 + 2*j**2 - 4. Let t(m) be the second derivative of h(m). Determine t(2).
4
Let p(i) = 4*i + 2. Let l be p(-6). Let g = -27 - l. Let c(t) = -5 - t - 6*t - t**2 + 0*t. Determine c(g).
5
Let h(y) = 0*y**3 + 3*y**2 + y**3 + 7 + 0*y**2 + y - 4*y**2. Suppose -2*k = -5*k. Give h(k).
7
Let r = 7 - 2. Suppose r*u = -1 - 19. Let c(g) = -g**2 - 5*g - 1. Calculate c(u).
3
Let s(m) = -18*m**3 + 2*m**2 - m. Let a = -169 - -170. Give s(a).
-17
Let z(h) be the first derivative of 6*h**2 + 2. Determine z(-1).
-12
Let r(s) = 4 - 12 - s + 7. Calculate r(-4).
3
Suppose 11*u = 7*u - 4. Let t(o) = 3*o + 1. Determine t(u).
-2
Let j(g) be the third derivative of g**6/120 - g**5/12 - g**4/8 + 2*g**3/3 - 5*g**2. Determine j(5).
-11
Let a(t) = -7*t**2 - 7*t - 19. Let i(o) = 3*o**2 + 4*o + 9. Let r(y) = -4*a(y) - 9*i(y). Determine r(8).
-5
Let j(a) = 4*a**2 + 6*a - 5. Let i(r) = 3*r**2 + 5*r - 4. Let f(b) = 5*i(b) - 4*j(b). Suppose 9*o = 6*o - 6. Calculate f(o).
-6
Suppose 5*n - 4 = 5*b - 24, 0 = -2*b - 2. Let u(p) = 9*p**2 + p + 11. Let i(r) = -5*r**2 - 6. Let h(t) = -7*i(t) - 4*u(t). Determine h(n).
-7
Suppose 4*d + 11 = 3*f, d = -d - 2*f - 2. Let z(w) = 6*w + 1. Calculate z(d).
-11
Let j(h) = -6*h**2 - h - 2. Suppose -17*y = -8*y + 18. Calculate j(y).
-24
Let g(c) = 2*c + 2. Let z(s) = -s - 4. Let i be z(-2). Give g(i).
-2
Let a(b) = b - 6. Suppose 4*r = -r. Let f = -8 - r. Let q = -8 - f. Calculate a(q).
-6
Suppose -5*i = -4*q - 19, 5*q - q - 5 = -3*i. Let l = i + -3. Let f(m) = -m + 0 - 1 + l*m. What is f(4)?
-5
Let a(w) = w**3 + 3*w**2 - 2*w. Suppose -8 = -11*d + 9*d. Suppose -3*l - 10 = -r, l = -r - d - 2. Calculate a(r).
8
Let k(u) = -u**2 + 7*u - 6. Let m(w) = -3*w**2 + 21*w - 18. Let b(p) = 7*k(p) - 2*m(p). Give b(5).
4
Let n(c) = -c**2 - 13*c - 10. Suppose 171 = -14*s - 5*s. Calculate n(s).
26
Let s(q) = -5*q - 1. Let d be 3/((-3)/4) - 0. Let m be 2*1*d/(-8). Calculate s(m).
-6
Let i(n) = -2*n - 1. Let h be 0/(12/4) - 6. Give i(h).
11
Let q(u) = -u**2 - 2*u + 13 - 4*u - 14. Calculate q(-5).
4
Let r = 11 - 7. Suppose 0 = 4*h + 4*o, -o - o = -r*h - 12. Let y be 2/(-1)*1*h. Let u(x) = x**3 - 4*x**2 - 4. Give u(y).
-4
Let x = 10 - 7. Let o be x/(21/2)*7. Let q(v) = -o*v + v**2 - 2*v - 46 + 50. Calculate q(4).
4
Let u(k) = 15*k**3 - 5*k**2 - 8*k + 4. Suppose -4*x - 3 + 55 = 0. Let y(b) = 7*b**3 - 2*b**2 - 4*b + 2. Let i(t) = x*y(t) - 6*u(t). Determine i(-5).
-3
Let h(c) = c**2 - 6*c - 2. Let u = 182 - 176. Give h(u).
-2
Let x(v) = v**2 - 5*v + 6. Suppose -w + 23 = -3*q, 2*w + 2*q - 6*q - 36 = 0. Let y = w - 3. What is x(y)?
6
Let b = 3 - 1. Let i(n) = n**b + 1 + 8*n + 7*n - 14*n. Let t = -3 + 2. Determine i(t).
1
Let w(l) = -2 - 7*l**2 - 3 + 14*l - 4*l. Let d(s) = -8*s**2 + 11*s - 6. Let v(t) = 6*d(t) - 7*w(t). Calculate v(5).
4
Let y = -6 + 8. Let d(h) = h**2 - 2*h + 5. Let x(w) = -w**2 + 2*w - 4. Let l(p) = -4*d(p) - 5*x(p). What is l(y)?
0
Let r(x) be the second derivative of x**5/20 - x**4/12 - 5*x**2/2 + 4*x. What is r(0)?
-5
Let w(b) = 2*b + 4. Let j(r) = -2*r**2 - 3*r - 1. Let k be j(-2). Give w(k).
-2
Let c(i) = -i**2 - i - 3*i - 4 + 4. What is c(-3)?
3
Let b(j) = j**3 - 4*j**2 - 6*j - 3. Let n(i) = -i**3 - 10*i**2 + 10*i - 4. Let c be n(-11). Suppose 2 = -a + c. Determine b(a).
-8
Let n(z) = 2*z - 3. Let i be n(3). Suppose 8 = -4*b + i*h, -4*h - 1 = 15. Let x be (9/b)/(3/(-10)). Let m(r) = -r + 4. What is m(x)?
-2
Let l(i) = 4*i + 2. Let o be (4 - 5) + 1/(-1). Determine l(o).
-6
Let c(y) = 5*y**3 - 4*y**2 + 1. Let r(p) = -14*p**3 + 11*p**2 - 3. Let b(s) = 11*c(s) + 4*r(s). Let a(z) = -z + 2*z**2 + 4 - 4. Let f be a(1). What is b(f)?
-2
Let q be (-2 + 1 + -1)/(-1). Let l(k) = k**2 - k - 2. Give l(q).
0
Let t(b) be the second derivative of -b**6/720 - b**5/40 + b**4/12 + b. Let c(d) be the third derivative of t(d). Suppose 0 = -3*g - 0*g. Give c(g).
-3
Let p(t) = 8 + 0 - 5 - 3*t. Determine p(2).
-3
Let r(s) = 4*s**2. Suppose 5*f - 3*a = 104, -f - 2*a = 2*a - 7. Suppose 5*b - 2*t + f = 0, -8*b + 3*b - 2*t - 31 = 0. Let d = -6 - b. Give r(d).
4
Let k(x) be the first derivative of -1/2*x**2 - 9 - 1/3*x**3 + 8*x. Determine k(0).
8
Let p be (14/35)/((-2)/20). Let w(n) = -n**2 - 5*n - 4. Calculate w(p).
0
Let b = -51 + 36. Let j = b + 21. Let z(c) = c - 4. What is z(j)?
2
Let n(l) = 9*l**3 - 8*l**2 - 2*l - 1. Let i(x) = -7*x**3 + 8*x**2 + 3*x + 2. Let u(d) = 5*i(d) + 4*n(d). Suppose -4*r = -3*r + 7. Determine u(r).
6
Let n(u) = u**3 - 23. Suppose -2*w = -0*w + 5*y, -5*w = 5*y. Determine n(w).
-23
Let l(d) = -7*d**3 - 6*d**2 + 2*d - 4. Let m(o) = 8*o**3 + 7*o**2 - 2*o +